 are the prime factors of x?
3
Suppose 0 = 2*u - 2*a + 3*a - 155, -315 = -4*u - a. Suppose 2*g - 5*n = -3*g + u, -16 = -g + 2*n. List the prime factors of g.
2
Let m = 66 - 40. What are the prime factors of m?
2, 13
Suppose 3*l - 6 = 0, -67 = -3*r - 5*l - 3. Suppose o + m - 9 = 0, -5*m + 2*m = 2*o - r. What are the prime factors of o?
3
Let b = 4 + 0. Suppose -3*x = -u - 4, -2*x - 2*u + 4*u = b. List the prime factors of (x - 0)*-1 + 9.
2, 3
Let w = 322 + -223. What are the prime factors of w?
3, 11
What are the prime factors of (4/(-6)*1)/(2/(-399))?
7, 19
Suppose 5*t = 2*o - 33, -5 = -3*o - 5*t - 18. Suppose 4*r + o = 5*r. List the prime factors of r.
2
Let x = 9 + 11. Suppose 2 = -2*j + x. Let m = j - 6. List the prime factors of m.
3
Let g(a) = a**3 - 8*a**2 + 10*a - 19. List the prime factors of g(8).
61
Suppose -5*x - f + 270 = 0, 0 = 4*x + 5*f - 191 - 25. Suppose -9 = -3*j + x. List the prime factors of j.
3, 7
Suppose 132 = 12*q - 84. List the prime factors of q.
2, 3
Suppose 0*j - j = 4*z - 448, -4*z = 3*j - 440. List the prime factors of z.
113
Let f be -1*-1*2 + 2. Suppose -f*g = -5*i + 179, -i + 0 = 2*g - 33. What are the prime factors of i/3 + (-3)/(-9)?
2, 3
Let o(f) = -10*f + 2. Let w be o(-7). Suppose w = l + 3*l. Let k = 27 - l. List the prime factors of k.
3
Let q be (-2)/(-4) + 284/8. What are the prime factors of ((-3)/(-4))/(3/q)?
3
Suppose 5 = -2*f - 3. Let q(d) = 6*d**3 - d**2 + 3*d - 12. Let j(k) = 5*k**3 - 2*k**2 + 4*k - 11. Let c(s) = f*q(s) + 5*j(s). List the prime factors of c(5).
2
Let y be 1*(0 - 2) + -1. Suppose -3*b - 10 = -n + 5, -4*b = 3*n + 20. Let c = n - y. List the prime factors of c.
3
What are the prime factors of 6/36 + (0 - 263/(-6))?
2, 11
Let w = 284 - 16. What are the prime factors of w?
2, 67
Let j be ((-1)/2)/(2/(-16)). Let l(v) = -v**2 + 5*v - 1. Let s be l(j). Suppose -n - 20 = -s*n. List the prime factors of n.
2, 5
Suppose 3*f = f + 8. Suppose -5*h + 5*z = -20, -f*z - 8 = 4*h - 0*h. What are the prime factors of (-9)/5*(-4 - h)?
3
Let g(m) = 2*m - 55. Let s(p) = -p + 27. Let r(v) = 6*g(v) + 13*s(v). What are the prime factors of r(-9)?
2, 3, 5
Suppose 0 = -6*s + 2*s + 4*a + 20, a = 3*s - 17. Let o(y) = -y**3 + 5*y**2 + 5*y + 8. Let i be o(s). Let x = i + 10. What are the prime factors of x?
2, 3
Let m(l) be the third derivative of l**4/24 - l**3/6 - 2*l**2. Let k = 16 + -11. What are the prime factors of m(k)?
2
Let g be ((-245)/14)/(2/4). Let c = -16 - g. List the prime factors of c.
19
List the prime factors of (-12)/(-66) + 480/22.
2, 11
Let t(a) = -a**3 + 7*a**2 + 4*a + 1. Suppose -3*n + 28 = n. What are the prime factors of t(n)?
29
Suppose n - 2 = 1. What are the prime factors of n?
3
Suppose 0 = -0*r + 2*r - 6. List the prime factors of 5/(-1)*(r - 8).
5
Let v(f) = f**3 + 4*f**2 - 5*f - 3. Let w be v(-5). Let z = -3 - w. Suppose z*u = -u + 4. What are the prime factors of u?
2
Suppose z - 1 = -3. List the prime factors of (-1 + z)*1/(-1).
3
Let h be 280/(-25) - 3/(-15). What are the prime factors of ((-26)/4)/(h/22)?
13
Let t be (-3)/2*64/(-24). Suppose 0*r - 60 = -3*r + t*m, 2*m + 100 = 5*r. List the prime factors of r.
2, 5
Suppose 3*h - 27 = 3*d, d + 45 = 2*h + 2*h. Let l = h + 6. Let q = l + -13. List the prime factors of q.
5
Let b = 3 + 1. Let n = 3 + b. Let j = n + -3. List the prime factors of j.
2
Let w = -4 - 0. Let i be (-10)/(-4) - 2/w. Let l = 8 + i. What are the prime factors of l?
11
Suppose -1 - 8 = -c. Let a be c/2*16/(-12). List the prime factors of (-32)/a - 4/12.
5
Let q(d) = 7*d - 5 - 2*d + 4. Let w be q(1). Suppose -w*c = 4 - 12. What are the prime factors of c?
2
Let u(x) = 4*x**2 + 11*x + 5. Let z(w) = -w**2. Let s(h) = -u(h) - 6*z(h). List the prime factors of s(7).
2
Let w(d) = 3*d - 4. Let m be w(3). Suppose 14 = x + m. What are the prime factors of x?
3
Let h(j) = j - 3. Suppose -2*z = -4*z - 2*s + 10, 4*s = -5*z + 25. Let t be h(z). Suppose t*d - 1 - 15 = 0. What are the prime factors of d?
2
Let s be (-9)/(-15) + (-6)/10. Let n = 12 - s. List the prime factors of n.
2, 3
Let a(i) = -3*i - 7. Let z(u) = 2*u + 2. Let d be z(-4). What are the prime factors of a(d)?
11
Suppose 5*x = -2*r + 31, 3*r - 14 = -2*x + 5. List the prime factors of x.
5
Let s(l) = 0*l + l + l. List the prime factors of s(8).
2
Let c = 54 - -56. What are the prime factors of c?
2, 5, 11
Suppose -3*l - d = 3*d - 389, l - d - 125 = 0. What are the prime factors of l?
127
Let f = 9 + -6. Let j be (1/2)/(f/36). Suppose -3*p + 33 + j = 0. List the prime factors of p.
13
Let c(r) = -r**3 + 13*r**2 + 12*r + 14. Let k be c(14). Let d = k + 42. What are the prime factors of d?
2, 7
Suppose 46 = -5*c + n - 54, c = -5*n - 20. Let f = 42 + c. What are the prime factors of f?
2, 11
Suppose -10 - 2 = -3*r. Let b = r - -6. What are the prime factors of b?
2, 5
Let t(g) = g. Let o be t(4). Suppose 0 = 4*i + 4*l, 5*l = o*i + 22 + 23. List the prime factors of ((-2)/i)/(2/70).
2, 7
Let z(c) = c - 6. Suppose 6 = 2*y - 2. Let q be z(y). What are the prime factors of (q/4)/((-1)/14)?
7
Suppose 0 = -4*p + 107 - 27. What are the prime factors of ((-8)/p)/(3/(-255))?
2, 17
Let t(o) = 10*o - 21. List the prime factors of t(4).
19
Suppose 20 + 28 = 4*c. Suppose 8 = 2*j, 0 = b + 2*b - 3*j + c. Suppose b = 2*p + p - 30. List the prime factors of p.
2, 5
List the prime factors of (-66)/(-4) - (-6)/4.
2, 3
Let x be (-6)/2*(-2)/2. Suppose -a - x*v = -8, 0*a - 2*a + 7 = -3*v. What are the prime factors of a?
5
Suppose l = -2*c + 9 + 8, 0 = -5*c - 2*l + 44. Suppose 3*a + 2*a - c = 0. What are the prime factors of a?
2
Let f be -3 + (6 - 3) - -3. Suppose 4*x = 2*t + 6, 4*x - 2*t = f*t - 3. Suppose -2*k - 2 = 0, 2*g + x*g - 3*k = 58. What are the prime factors of g?
11
Let a(b) = b**2 + 13*b + 16. List the prime factors of a(-19).
2, 5, 13
Suppose 0 = -3*f - t + 58, -4*f = -t - t - 84. List the prime factors of f.
2, 5
Let v = -2 + 1. Let r = v + 4. Suppose 0*b + r*b = -9, 4*b = -2*f + 2. List the prime factors of f.
7
Suppose 9*i + 40 = 4*i. Let b = 18 + i. What are the prime factors of b?
2, 5
Suppose -1 = -g + 6. Let o = -4 + g. Suppose -20 = -2*i - o*i. List the prime factors of i.
2
Suppose 4*s - 6 = 2*g, 0*s + s - 2*g = 0. Suppose -2*x = 6*z - z - 19, 8 = s*z + x. List the prime factors of z.
3
Let t(u) = u**3 + 5*u**2 - 5*u - 4. Let q be t(-3). Suppose -11 = -4*r + q. Let k(z) = z**3 - 9*z**2 - 10*z + 15. What are the prime factors of k(r)?
3, 5
Let z(k) be the second derivative of -k**5/20 + k**4/2 + 4*k**3/3 + 3*k**2/2 - 4*k. Suppose p = -p + 14. List the prime factors of z(p).
2, 5
Let c(f) = -f**3 - 8*f**2 - 16*f + 7. What are the prime factors of c(-9)?
2, 29
Let k(b) = -b - 1. Let z be k(-3). Let n(y) be the third derivative of -y**6/120 + y**5/15 - y**4/24 - y**2. What are the prime factors of n(z)?
2, 3
Let v be (-1284)/(-30) - (-4)/(-5). Let g = v + -8. What are the prime factors of g?
2, 17
Let f be 1/6 + 33/18. Let l(s) = -s + s**2 + 2 - f*s**2 + 2*s**2. List the prime factors of l(0).
2
Suppose -15*p + 258 = -13*p. List the prime factors of p.
3, 43
Let y = 2 + -8. Let h = 7 - y. List the prime factors of h.
13
Let s = 11 + -11. Suppose 5*k + 36 = 3*j + 2*k, s = j - 4*k - 12. What are the prime factors of j?
2, 3
Suppose -3*a = -4*b + 12, 0*a + 8 = 2*a. Suppose b*l + 104 = 10*l. What are the prime factors of l?
2, 13
Suppose m = 7*m - 12. Suppose 0 = m*t + 2*f - 4, -2*t - t + 5*f + 6 = 0. List the prime factors of t.
2
Suppose 2*n - 58 = -4*y, -70 + 5 = -5*y - n. List the prime factors of y.
2, 3
Let w = 0 + -21. Let k = w + 35. List the prime factors of k.
2, 7
Suppose 2*g + 5 = q, 5*q - q + 2*g = 50. What are the prime factors of q?
11
Suppose -o + 44 = -3*o. List the prime factors of (3/3)/((-2)/o).
11
Let c(m) = m**3 - 2*m**2 + m + 4. What are the prime factors of c(2)?
2, 3
Suppose 3 - 23 = -5*x. Suppose 4*w + 2*t - 12 = 0, -9 = -w - 2*w - x*t. Suppose h - w = 5. List the prime factors of h.
2
Let d(w) = -w**3 - 6*w**2 - 2*w - 1. Suppose -6 = 3*n + 12. Let t be (-28)/5 - n/(-15). List the prime factors of d(t).
11
Let r(l) = -l**3 - 7*l**2 + 1. Let d be r(-7). Suppose 0 = x + d + 1, n + 2*x = 6. List the prime factors of n/(-5) - (-13)/1.
11
Let j(g) = 7*g**3 - g. List the prime factors of j(2